{"id":191,"date":"2023-02-21T18:22:18","date_gmt":"2023-02-21T18:22:18","guid":{"rendered":"https:\/\/bewusstes-sein.me\/?page_id=191"},"modified":"2025-11-12T15:40:47","modified_gmt":"2025-11-12T15:40:47","slug":"systemischeaufstellungen","status":"publish","type":"page","link":"https:\/\/bewusstes-sein.me\/?page_id=191","title":{"rendered":"Systemische Aufstellungen"},"content":{"rendered":"\n<p class=\"has-text-align-center\">&#8222;<em>Wenn die Wellen \u00fcber mir zusammenschlagen, tauche ich tiefer und suche nach Perlen.<\/em>&#8220; <br>(Mascha Kal\u00e9ko)<\/p>\n\n\n<div class=\"wp-block-image\">\n<figure class=\"aligncenter size-full\"><img loading=\"lazy\" decoding=\"async\" width=\"1024\" height=\"684\" src=\"https:\/\/bewusstes-sein.me\/wp-content\/uploads\/2023\/03\/b_Welle_1024.jpg\" alt=\"\" class=\"wp-image-255\" srcset=\"https:\/\/bewusstes-sein.me\/wp-content\/uploads\/2023\/03\/b_Welle_1024.jpg 1024w, https:\/\/bewusstes-sein.me\/wp-content\/uploads\/2023\/03\/b_Welle_1024-300x200.jpg 300w, https:\/\/bewusstes-sein.me\/wp-content\/uploads\/2023\/03\/b_Welle_1024-768x513.jpg 768w, https:\/\/bewusstes-sein.me\/wp-content\/uploads\/2023\/03\/b_Welle_1024-930x620.jpg 930w\" sizes=\"auto, (max-width: 1024px) 100vw, 1024px\" \/><\/figure>\n<\/div>\n\n\n<div style=\"height:40px\" aria-hidden=\"true\" class=\"wp-block-spacer\"><\/div>\n\n\n\n<p>Systemische Aufstellungen sind ein vielfach bew\u00e4hrtes und effizientes Werkzeug zur Selbsterkenntnis und zur Entwicklung der eigenen Pers\u00f6nlichkeit.<\/p>\n\n\n\n<p>Bei einer Aufstellung wird die innere Beziehung des Aufstellenden hinsichtlich eines Systems (z.B. Familie, Beruf, Gesundheit, Geld&#8230;) durch Stellvertreter sichtbar gemacht. Es zeigen sich Wechselwirkungen und Konflikte, die das System in seiner nat\u00fcrlichen Form st\u00f6ren und die Mitglieder des Systems daran hindern, ihr volles Potential zu entfalten. Der Aufstellende hat die M\u00f6glichkeit, seinen Konflikt, sein Problem wie von au\u00dfen zu betrachten. So kann er leichter erkennen, was st\u00f6rt, was fehlt und, m\u00f6glicherweise sogar, was zur L\u00f6sung beitragen kann.<\/p>\n\n\n\n<p>Wir laden dich herzlich ein, ein eigenes Thema aufzustellen oder einfach nur dabei und Teil der Gruppe zu sein. Oder einen individuellen Termin f\u00fcr deine Aufstellung zu vereinbaren. Wertsch\u00e4tzung, Mitgef\u00fchl und Diskretion bilden die Basis des Miteinanders aller Teilnehmer.<\/p>\n\n\n\n<p>Unkostenbeitrag:<br>nach eigenem Ermessen bzw. nach Absprache (bei individueller Terminvereinbarung):<\/p>\n\n\n\n<p>N\u00e4chste Termine:<br>       Termine auf Anfrage<\/p>\n","protected":false},"excerpt":{"rendered":"<p>&#8222;Wenn die Wellen \u00fcber mir zusammenschlagen, tauche ich tiefer und suche nach Perlen.&#8220; (Mascha Kal\u00e9ko) Systemische Aufstellungen sind ein vielfach bew\u00e4hrtes und effizientes Werkzeug zur Selbsterkenntnis und zur Entwicklung der eigenen Pers\u00f6nlichkeit. Bei einer Aufstellung wird die innere Beziehung des Aufstellenden hinsichtlich eines Systems (z.B. Familie, Beruf, Gesundheit, Geld&#8230;) durch Stellvertreter sichtbar gemacht. Es zeigen&hellip;&nbsp;<a href=\"https:\/\/bewusstes-sein.me\/?page_id=191\" rel=\"bookmark\">Weiterlesen &raquo;<span class=\"screen-reader-text\">Systemische Aufstellungen<\/span><\/a><\/p>\n","protected":false},"author":1,"featured_media":0,"parent":0,"menu_order":0,"comment_status":"closed","ping_status":"closed","template":"","meta":{"neve_meta_sidebar":"","neve_meta_container":"","neve_meta_enable_content_width":"","neve_meta_content_width":0,"neve_meta_title_alignment":"","neve_meta_author_avatar":"","neve_post_elements_order":"","neve_meta_disable_header":"","neve_meta_disable_footer":"","neve_meta_disable_title":"","footnotes":""},"class_list":["post-191","page","type-page","status-publish","hentry"],"_links":{"self":[{"href":"https:\/\/bewusstes-sein.me\/index.php?rest_route=\/wp\/v2\/pages\/191","targetHints":{"allow":["GET"]}}],"collection":[{"href":"https:\/\/bewusstes-sein.me\/index.php?rest_route=\/wp\/v2\/pages"}],"about":[{"href":"https:\/\/bewusstes-sein.me\/index.php?rest_route=\/wp\/v2\/types\/page"}],"author":[{"embeddable":true,"href":"https:\/\/bewusstes-sein.me\/index.php?rest_route=\/wp\/v2\/users\/1"}],"replies":[{"embeddable":true,"href":"https:\/\/bewusstes-sein.me\/index.php?rest_route=%2Fwp%2Fv2%2Fcomments&post=191"}],"version-history":[{"count":13,"href":"https:\/\/bewusstes-sein.me\/index.php?rest_route=\/wp\/v2\/pages\/191\/revisions"}],"predecessor-version":[{"id":520,"href":"https:\/\/bewusstes-sein.me\/index.php?rest_route=\/wp\/v2\/pages\/191\/revisions\/520"}],"wp:attachment":[{"href":"https:\/\/bewusstes-sein.me\/index.php?rest_route=%2Fwp%2Fv2%2Fmedia&parent=191"}],"curies":[{"name":"wp","href":"https:\/\/api.w.org\/{rel}","templated":true}]}}