{"id":187,"date":"2023-02-21T18:21:36","date_gmt":"2023-02-21T18:21:36","guid":{"rendered":"https:\/\/bewusstes-sein.me\/?page_id=187"},"modified":"2025-11-12T15:32:03","modified_gmt":"2025-11-12T15:32:03","slug":"tag-fuer-die-seele","status":"publish","type":"page","link":"https:\/\/bewusstes-sein.me\/?page_id=187","title":{"rendered":"Tag f\u00fcr die Seele"},"content":{"rendered":"\n<p class=\"has-text-align-center\">&#8222;<em>Wer kommen will in Gottes Grund, in sein Innerstes, muss zuvor kommen in seinen eigenen Grund, in sein eigenes Innerstes, denn niemand kann Gott erkennen, er muss zuvor sich selbst erkennen.<\/em>&#8220; <br>(Meister Eckart)<\/p>\n\n\n<div class=\"wp-block-image\">\n<figure class=\"aligncenter size-full\"><img loading=\"lazy\" decoding=\"async\" width=\"1024\" height=\"635\" src=\"https:\/\/bewusstes-sein.me\/wp-content\/uploads\/2023\/03\/b_Tropfen_1024.jpg\" alt=\"\" class=\"wp-image-266\" srcset=\"https:\/\/bewusstes-sein.me\/wp-content\/uploads\/2023\/03\/b_Tropfen_1024.jpg 1024w, https:\/\/bewusstes-sein.me\/wp-content\/uploads\/2023\/03\/b_Tropfen_1024-300x186.jpg 300w, https:\/\/bewusstes-sein.me\/wp-content\/uploads\/2023\/03\/b_Tropfen_1024-768x476.jpg 768w\" sizes=\"auto, (max-width: 1024px) 100vw, 1024px\" \/><\/figure>\n<\/div>\n\n\n<div style=\"height:40px\" aria-hidden=\"true\" class=\"wp-block-spacer\"><\/div>\n\n\n\n<p>Wir verbringen den Tag im Schweigen. Auch w\u00e4hrend der Mahl- und Pausenzeiten wird nicht gesprochen. Den Mittelpunkt bildet das Sitzen in der Stille, das begleitet und gerahmt wird von zwei gef\u00fchrten Meditationen, Atem\u00fcbungen und der Praxis im achtsamen Gehen. Sinn und Zweck des Ganzen ist es, durch einen achtsamen Blick nach Innen den ewigen Gedankenstrom zu unterbrechen und im gegenw\u00e4rtigen Moment anzukommen und sich so in einer kontemplativen Haltung einzu\u00fcben.<\/p>\n\n\n\n<p>Kontemplation ist die Bezeichnung f\u00fcr den christlich-mystischen Weg, sich in der Gegenwart Gottes selbst zu erfahren. Das Wort Kontemplation kommt vom lateinischen Verb <em>contemplari<\/em> und bedeutet \u201ebetrachten, schauen&#8220;. Wir verstehen darunter: die anschauende, rein wahrnehmende, nicht bewertende und beurteilende Anschauung dessen, was in uns gerade da ist: an Gedanken, Gef\u00fchlen, K\u00f6rperempfindungen. Dazu werden wir still und schlie\u00dfen die Augen und praktizieren damit das, was das Wort Mystik vom Wortsinn her bedeutet: &#8222;die Augen schlie\u00dfen&#8220; (vom griechischen Verb <em>myein<\/em>). In Stille, mit geschlossenen Augen und in Achtsamkeit auf den Atem, dem Anker der Kontemplation, machen wir uns auf den Weg nach Innen zu uns selbst.<\/p>\n\n\n\n<div class=\"wp-block-media-text is-stacked-on-mobile\"><figure class=\"wp-block-media-text__media\"><img loading=\"lazy\" decoding=\"async\" width=\"846\" height=\"1024\" src=\"https:\/\/bewusstes-sein.me\/wp-content\/uploads\/2023\/03\/b_Schmetterling_H1024.jpg\" alt=\"\" class=\"wp-image-325 size-full\" srcset=\"https:\/\/bewusstes-sein.me\/wp-content\/uploads\/2023\/03\/b_Schmetterling_H1024.jpg 846w, https:\/\/bewusstes-sein.me\/wp-content\/uploads\/2023\/03\/b_Schmetterling_H1024-248x300.jpg 248w, https:\/\/bewusstes-sein.me\/wp-content\/uploads\/2023\/03\/b_Schmetterling_H1024-768x930.jpg 768w\" sizes=\"auto, (max-width: 846px) 100vw, 846px\" \/><\/figure><div class=\"wp-block-media-text__content\">\n<p><\/p>\n\n\n\n<p>Die Praxis der Kontemplation wird so zum Abenteuer der Entdeckung der eigenen inneren Welt \u2013 um in sich den Menschen zu entdecken, der man jenseits der Maske der Person und der Konditionierungen, die uns durch Eltern, Lehrer, die Gesellschaft etc. aufgezwungen wurden, in Wirklichkeit ist. Als spiritueller Weg ist Kontemplation eine Ein\u00fcbung in der Bereitschaft, die Illusion \u00fcber das eigene Sein abzuwerfen. Dabei f\u00fchrt der Weg ins eigene, tiefste Innere zu einer heilsamen Ent-T\u00e4uschung: dem Ende der T\u00e4uschung \u00fcber den Menschen, f\u00fcr den man sich bisher gehalten hat. Denn auf dem Grund unserer Existenz gelangen wir in Kontakt mit unserer Seele, unserem wirklichen Sein, Gott in uns.<\/p>\n\n\n\n<p>Aus dem Kokon der Selbstt\u00e4uschung befreit, im Bewusstsein unseres wahren Seins, gleichen wir auf dem kontemplativen Weg einem Schmetterling, der das Dunkel seiner Verpuppung hinter sich l\u00e4sst und dem Sonnenlicht entgegen fliegt.<\/p>\n<\/div><\/div>\n\n\n\n<div style=\"height:40px\" aria-hidden=\"true\" class=\"wp-block-spacer\"><\/div>\n\n\n\n<p>Zeit:<br>jeweils 10:00 \u2013 18:00 Uhr<\/p>\n\n\n\n<p>Unkostenbeitrag:<br>nach eigenem Ermessen (Mittagessen\/Kaffeetrinken inklusive)<\/p>\n\n\n\n<p>Mitzubringen sind:<br>warme Socken, bequeme Kleidung, Schreibzeug (f\u00fcr eigene Notizen)<\/p>\n\n\n\n<p>N\u00e4chste Termine:<\/p>\n\n\n\n<ul class=\"wp-block-list\">\n<li>18.10.2025 10:00 Uhr <\/li>\n\n\n\n<li>19.11.2025 10:00 Uhr <\/li>\n\n\n\n<li>28.12.2025 10:00 Uhr <\/li>\n<\/ul>\n","protected":false},"excerpt":{"rendered":"<p>&#8222;Wer kommen will in Gottes Grund, in sein Innerstes, muss zuvor kommen in seinen eigenen Grund, in sein eigenes Innerstes, denn niemand kann Gott erkennen, er muss zuvor sich selbst erkennen.&#8220; (Meister Eckart) Wir verbringen den Tag im Schweigen. Auch w\u00e4hrend der Mahl- und Pausenzeiten wird nicht gesprochen. Den Mittelpunkt bildet das Sitzen in der&hellip;&nbsp;<a href=\"https:\/\/bewusstes-sein.me\/?page_id=187\" rel=\"bookmark\">Weiterlesen &raquo;<span class=\"screen-reader-text\">Tag f\u00fcr die Seele<\/span><\/a><\/p>\n","protected":false},"author":1,"featured_media":0,"parent":0,"menu_order":0,"comment_status":"closed","ping_status":"closed","template":"","meta":{"neve_meta_sidebar":"","neve_meta_container":"","neve_meta_enable_content_width":"","neve_meta_content_width":0,"neve_meta_title_alignment":"","neve_meta_author_avatar":"","neve_post_elements_order":"","neve_meta_disable_header":"","neve_meta_disable_footer":"","neve_meta_disable_title":"","footnotes":""},"class_list":["post-187","page","type-page","status-publish","hentry"],"_links":{"self":[{"href":"https:\/\/bewusstes-sein.me\/index.php?rest_route=\/wp\/v2\/pages\/187","targetHints":{"allow":["GET"]}}],"collection":[{"href":"https:\/\/bewusstes-sein.me\/index.php?rest_route=\/wp\/v2\/pages"}],"about":[{"href":"https:\/\/bewusstes-sein.me\/index.php?rest_route=\/wp\/v2\/types\/page"}],"author":[{"embeddable":true,"href":"https:\/\/bewusstes-sein.me\/index.php?rest_route=\/wp\/v2\/users\/1"}],"replies":[{"embeddable":true,"href":"https:\/\/bewusstes-sein.me\/index.php?rest_route=%2Fwp%2Fv2%2Fcomments&post=187"}],"version-history":[{"count":16,"href":"https:\/\/bewusstes-sein.me\/index.php?rest_route=\/wp\/v2\/pages\/187\/revisions"}],"predecessor-version":[{"id":517,"href":"https:\/\/bewusstes-sein.me\/index.php?rest_route=\/wp\/v2\/pages\/187\/revisions\/517"}],"wp:attachment":[{"href":"https:\/\/bewusstes-sein.me\/index.php?rest_route=%2Fwp%2Fv2%2Fmedia&parent=187"}],"curies":[{"name":"wp","href":"https:\/\/api.w.org\/{rel}","templated":true}]}}

Tag für die Seele

<p class="has-text-align-center">&#8222;<em>Wer kommen will in Gottes Grund, in sein Innerstes, muss zuvor kommen in seinen eigenen Grund, in sein eigenes Innerstes, denn niemand kann Gott erkennen, er muss zuvor sich selbst erkennen.</em>&#8220; <br>(Meister Eckart)</p>


<div class="wp-block-image">
<figure class="aligncenter size-full"><img loading="lazy" decoding="async" width="1024" height="635" src="https://bewusstes-sein.me/wp-content/uploads/2023/03/b_Tropfen_1024.jpg" alt="" class="wp-image-266" srcset="https://bewusstes-sein.me/wp-content/uploads/2023/03/b_Tropfen_1024.jpg 1024w, https://bewusstes-sein.me/wp-content/uploads/2023/03/b_Tropfen_1024-300x186.jpg 300w, https://bewusstes-sein.me/wp-content/uploads/2023/03/b_Tropfen_1024-768x476.jpg 768w" sizes="auto, (max-width: 1024px) 100vw, 1024px" /></figure>
</div>


<div style="height:40px" aria-hidden="true" class="wp-block-spacer"></div>



<p>Wir verbringen den Tag im Schweigen. Auch während der Mahl- und Pausenzeiten wird nicht gesprochen. Den Mittelpunkt bildet das Sitzen in der Stille, das begleitet und gerahmt wird von zwei geführten Meditationen, Atemübungen und der Praxis im achtsamen Gehen. Sinn und Zweck des Ganzen ist es, durch einen achtsamen Blick nach Innen den ewigen Gedankenstrom zu unterbrechen und im gegenwärtigen Moment anzukommen und sich so in einer kontemplativen Haltung einzuüben.</p>



<p>Kontemplation ist die Bezeichnung für den christlich-mystischen Weg, sich in der Gegenwart Gottes selbst zu erfahren. Das Wort Kontemplation kommt vom lateinischen Verb <em>contemplari</em> und bedeutet „betrachten, schauen&#8220;. Wir verstehen darunter: die anschauende, rein wahrnehmende, nicht bewertende und beurteilende Anschauung dessen, was in uns gerade da ist: an Gedanken, Gefühlen, Körperempfindungen. Dazu werden wir still und schließen die Augen und praktizieren damit das, was das Wort Mystik vom Wortsinn her bedeutet: &#8222;die Augen schließen&#8220; (vom griechischen Verb <em>myein</em>). In Stille, mit geschlossenen Augen und in Achtsamkeit auf den Atem, dem Anker der Kontemplation, machen wir uns auf den Weg nach Innen zu uns selbst.</p>



<div class="wp-block-media-text is-stacked-on-mobile"><figure class="wp-block-media-text__media"><img loading="lazy" decoding="async" width="846" height="1024" src="https://bewusstes-sein.me/wp-content/uploads/2023/03/b_Schmetterling_H1024.jpg" alt="" class="wp-image-325 size-full" srcset="https://bewusstes-sein.me/wp-content/uploads/2023/03/b_Schmetterling_H1024.jpg 846w, https://bewusstes-sein.me/wp-content/uploads/2023/03/b_Schmetterling_H1024-248x300.jpg 248w, https://bewusstes-sein.me/wp-content/uploads/2023/03/b_Schmetterling_H1024-768x930.jpg 768w" sizes="auto, (max-width: 846px) 100vw, 846px" /></figure><div class="wp-block-media-text__content">
<p></p>



<p>Die Praxis der Kontemplation wird so zum Abenteuer der Entdeckung der eigenen inneren Welt – um in sich den Menschen zu entdecken, der man jenseits der Maske der Person und der Konditionierungen, die uns durch Eltern, Lehrer, die Gesellschaft etc. aufgezwungen wurden, in Wirklichkeit ist. Als spiritueller Weg ist Kontemplation eine Einübung in der Bereitschaft, die Illusion über das eigene Sein abzuwerfen. Dabei führt der Weg ins eigene, tiefste Innere zu einer heilsamen Ent-Täuschung: dem Ende der Täuschung über den Menschen, für den man sich bisher gehalten hat. Denn auf dem Grund unserer Existenz gelangen wir in Kontakt mit unserer Seele, unserem wirklichen Sein, Gott in uns.</p>



<p>Aus dem Kokon der Selbsttäuschung befreit, im Bewusstsein unseres wahren Seins, gleichen wir auf dem kontemplativen Weg einem Schmetterling, der das Dunkel seiner Verpuppung hinter sich lässt und dem Sonnenlicht entgegen fliegt.</p>
</div></div>



<div style="height:40px" aria-hidden="true" class="wp-block-spacer"></div>



<p>Zeit:<br>jeweils 10:00 – 18:00 Uhr</p>



<p>Unkostenbeitrag:<br>nach eigenem Ermessen (Mittagessen/Kaffeetrinken inklusive)</p>



<p>Mitzubringen sind:<br>warme Socken, bequeme Kleidung, Schreibzeug (für eigene Notizen)</p>



<p>Nächste Termine:</p>



<ul class="wp-block-list">
<li>18.10.2025 10:00 Uhr </li>



<li>19.11.2025 10:00 Uhr </li>



<li>28.12.2025 10:00 Uhr </li>
</ul>

<p>&#8222;Wer kommen will in Gottes Grund, in sein Innerstes, muss zuvor kommen in seinen eigenen Grund, in sein eigenes Innerstes, denn niemand kann Gott erkennen, er muss zuvor sich selbst erkennen.&#8220; (Meister Eckart) Wir verbringen den Tag im Schweigen. Auch während der Mahl- und Pausenzeiten wird nicht gesprochen. Den Mittelpunkt bildet das Sitzen in der&hellip;&nbsp;<a href="https://bewusstes-sein.me/?page_id=187" rel="bookmark">Weiterlesen &raquo;<span class="screen-reader-text">Tag für die Seele</span></a></p>
